{"id":3551,"date":"2021-03-24T18:08:43","date_gmt":"2021-03-24T18:08:43","guid":{"rendered":"https:\/\/fixustrade.ee\/?post_type=product&#038;p=3551"},"modified":"2023-05-23T20:17:52","modified_gmt":"2023-05-23T17:17:52","slug":"polupropuleen-harjastihend-alumiiniumprofiilis","status":"publish","type":"product","link":"https:\/\/fixustrade.ee\/fin\/tooted\/polypropeeni-harjatiiviste-alumiiniprofiilissa\/","title":{"rendered":"Polypropeeni harjatiiviste alumiiniprofiilissa"},"content":{"rendered":"<p><span style=\"color: #ffffff;\">Polypropeenista valmistettu harjan taustalevy alumiiniprofiililla. Harjatiivisteet, Stribo-ty\u00f6t, harjatiivisteet alumiiniprofiilissa, itseliimautuvat tiivisteet, kattotiivisteet, runkotiivisteet jne. Harjatiiviste.<\/span><\/p>\n<p>Polypropeeni harjatiiviste alumiiniprofiilissa: Varmistaa tuulen, p\u00f6lyn, valon, savun ja \u00e4\u00e4nen kest\u00e4vyyden ovissa (mukaan lukien \"karuselliovet\", liukuovet ja portit), ikkunoissa, ilmanvaihtoj\u00e4rjestelmiss\u00e4 sek\u00e4 putkissa, letkuissa ja johdoissa ja erilaisissa ty\u00f6pinnoissa (linjatuotannossa, jossa valmis tuote liikkuu harjattua ty\u00f6pintaa pitkin ty\u00f6vaiheesta toiseen). Laaja valikoima erikoiskokoja ja -profiileja mahdollistaa laajan valikoiman sovelluksia. Ter\u00e4sytimen polypropeeniharjatiiviste on vaihdettavissa alumiiniprofiilissa. Pehmeit\u00e4 kapronijalkaisia harjatiivisteit\u00e4 k\u00e4ytet\u00e4\u00e4n p\u00e4\u00e4asiassa erilaisissa (alumiini tai PVC) ikkunaprofiileissa ja kevyemmiss\u00e4 liukuj\u00e4rjestelmiss\u00e4.<\/p>","protected":false},"excerpt":{"rendered":"<p><span style=\"color: #ffffff;\">Polypropeenista valmistettu harjan taustalevy alumiiniprofiililla. Harjatiivisteet, Stribo-ty\u00f6t, harjatiivisteet alumiiniprofiilissa, itseliimautuvat tiivisteet, kattotiivisteet, runkotiivisteet jne. Harjatiiviste. Harjatiivisteet.<\/span><\/p>","protected":false},"featured_media":113,"template":"","meta":[],"product_brand":[],"product_cat":[240],"product_tag":[],"class_list":{"0":"post-3551","1":"product","2":"type-product","3":"status-publish","4":"has-post-thumbnail","6":"product_cat-harjastihendid","8":"first","9":"instock","10":"shipping-taxable","11":"product-type-simple"},"_links":{"self":[{"href":"https:\/\/fixustrade.ee\/fin\/wp-json\/wp\/v2\/product\/3551","targetHints":{"allow":["GET"]}}],"collection":[{"href":"https:\/\/fixustrade.ee\/fin\/wp-json\/wp\/v2\/product"}],"about":[{"href":"https:\/\/fixustrade.ee\/fin\/wp-json\/wp\/v2\/types\/product"}],"version-history":[{"count":9,"href":"https:\/\/fixustrade.ee\/fin\/wp-json\/wp\/v2\/product\/3551\/revisions"}],"predecessor-version":[{"id":7403,"href":"https:\/\/fixustrade.ee\/fin\/wp-json\/wp\/v2\/product\/3551\/revisions\/7403"}],"wp:featuredmedia":[{"embeddable":true,"href":"https:\/\/fixustrade.ee\/fin\/wp-json\/wp\/v2\/media\/113"}],"wp:attachment":[{"href":"https:\/\/fixustrade.ee\/fin\/wp-json\/wp\/v2\/media?parent=3551"}],"wp:term":[{"taxonomy":"product_brand","embeddable":true,"href":"https:\/\/fixustrade.ee\/fin\/wp-json\/wp\/v2\/product_brand?post=3551"},{"taxonomy":"product_cat","embeddable":true,"href":"https:\/\/fixustrade.ee\/fin\/wp-json\/wp\/v2\/product_cat?post=3551"},{"taxonomy":"product_tag","embeddable":true,"href":"https:\/\/fixustrade.ee\/fin\/wp-json\/wp\/v2\/product_tag?post=3551"}],"curies":[{"name":"wp","href":"https:\/\/api.w.org\/{rel}","templated":true}]}}