{"id":3557,"date":"2021-03-24T18:14:16","date_gmt":"2021-03-24T18:14:16","guid":{"rendered":"https:\/\/fixustrade.ee\/?post_type=product&#038;p=3557"},"modified":"2023-05-23T20:36:32","modified_gmt":"2023-05-23T17:36:32","slug":"kuumuskindel-keraamiline-klaasimistihend-iseliimuv","status":"publish","type":"product","link":"https:\/\/fixustrade.ee\/fin\/tooted\/lammonkestava-keraaminen-lasitustiiviste-itseliimautuva\/","title":{"rendered":"L\u00e4mm\u00f6nkest\u00e4v\u00e4 keraaminen lasitustiiviste itseliimautuva"},"content":{"rendered":"<p><span style=\"color: #ffffff;\">L\u00e4mm\u00f6nkest\u00e4v\u00e4 keraaminen lasitetiiviste itseliimautuva. Paloa hidastavat tiivisteet, savua hidastava tiiviste, l\u00e4mm\u00f6nkest\u00e4v\u00e4 tiiviste ja paloa laajeneva tiiviste. Keraaminen itseliimautuva tiivistysteippi jne. palosulkutiiviste.<\/span><\/p>","protected":false},"excerpt":{"rendered":"<p><strong>Tekniset tiedot:<\/strong><\/p>\n<p><a href=\"https:\/\/fixustrade.ee\/wp-content\/uploads\/2021\/04\/TDS-Keraband.pdf\">TDS Keraband_est.pdf<\/a><\/p>\n<p><span style=\"color: #ffffff;\">L\u00e4mm\u00f6nkest\u00e4v\u00e4 keraaminen lasitetiiviste itseliimautuva. Paloa hidastavat tiivisteet, savua hidastava tiiviste, l\u00e4mm\u00f6nkest\u00e4v\u00e4 tiiviste ja paloa laajeneva tiiviste. Keraaminen itseliimautuva tiivistysteippi jne. palosulkutiiviste.<\/span><\/p>","protected":false},"featured_media":123,"template":"","meta":[],"product_brand":[],"product_cat":[243],"product_tag":[],"class_list":{"0":"post-3557","1":"product","2":"type-product","3":"status-publish","4":"has-post-thumbnail","6":"product_cat-tuletokketihendid","8":"first","9":"instock","10":"shipping-taxable","11":"product-type-simple"},"_links":{"self":[{"href":"https:\/\/fixustrade.ee\/fin\/wp-json\/wp\/v2\/product\/3557","targetHints":{"allow":["GET"]}}],"collection":[{"href":"https:\/\/fixustrade.ee\/fin\/wp-json\/wp\/v2\/product"}],"about":[{"href":"https:\/\/fixustrade.ee\/fin\/wp-json\/wp\/v2\/types\/product"}],"version-history":[{"count":6,"href":"https:\/\/fixustrade.ee\/fin\/wp-json\/wp\/v2\/product\/3557\/revisions"}],"predecessor-version":[{"id":5998,"href":"https:\/\/fixustrade.ee\/fin\/wp-json\/wp\/v2\/product\/3557\/revisions\/5998"}],"wp:featuredmedia":[{"embeddable":true,"href":"https:\/\/fixustrade.ee\/fin\/wp-json\/wp\/v2\/media\/123"}],"wp:attachment":[{"href":"https:\/\/fixustrade.ee\/fin\/wp-json\/wp\/v2\/media?parent=3557"}],"wp:term":[{"taxonomy":"product_brand","embeddable":true,"href":"https:\/\/fixustrade.ee\/fin\/wp-json\/wp\/v2\/product_brand?post=3557"},{"taxonomy":"product_cat","embeddable":true,"href":"https:\/\/fixustrade.ee\/fin\/wp-json\/wp\/v2\/product_cat?post=3557"},{"taxonomy":"product_tag","embeddable":true,"href":"https:\/\/fixustrade.ee\/fin\/wp-json\/wp\/v2\/product_tag?post=3557"}],"curies":[{"name":"wp","href":"https:\/\/api.w.org\/{rel}","templated":true}]}}